 the prime factors of 49617.
3, 37, 149
List the prime factors of 4338.
2, 3, 241
What are the prime factors of 3938?
2, 11, 179
List the prime factors of 1386.
2, 3, 7, 11
What are the prime factors of 24693?
3, 8231
What are the prime factors of 186?
2, 3, 31
What are the prime factors of 3493?
7, 499
What are the prime factors of 14849?
31, 479
What are the prime factors of 2877?
3, 7, 137
What are the prime factors of 32038?
2, 83, 193
What are the prime factors of 23687?
23687
List the prime factors of 2956.
2, 739
List the prime factors of 1041.
3, 347
What are the prime factors of 155?
5, 31
List the prime factors of 47368.
2, 31, 191
What are the prime factors of 2765?
5, 7, 79
What are the prime factors of 3977?
41, 97
List the prime factors of 1364.
2, 11, 31
What are the prime factors of 7503?
3, 41, 61
List the prime factors of 1873.
1873
List the prime factors of 516.
2, 3, 43
What are the prime factors of 27458?
2, 13729
What are the prime factors of 41189?
41189
What are the prime factors of 5295?
3, 5, 353
What are the prime factors of 3198?
2, 3, 13, 41
What are the prime factors of 4563?
3, 13
What are the prime factors of 57481?
47, 1223
What are the prime factors of 178?
2, 89
What are the prime factors of 4404?
2, 3, 367
List the prime factors of 6570.
2, 3, 5, 73
List the prime factors of 60538.
2, 30269
List the prime factors of 1758.
2, 3, 293
List the prime factors of 2976.
2, 3, 31
List the prime factors of 519.
3, 173
List the prime factors of 1076.
2, 269
What are the prime factors of 2064?
2, 3, 43
What are the prime factors of 4359?
3, 1453
List the prime factors of 3439.
19, 181
List the prime factors of 2802.
2, 3, 467
What are the prime factors of 4250?
2, 5, 17
What are the prime factors of 235?
5, 47
What are the prime factors of 575?
5, 23
List the prime factors of 699.
3, 233
What are the prime factors of 28332?
2, 3, 787
List the prime factors of 1725.
3, 5, 23
List the prime factors of 2850.
2, 3, 5, 19
What are the prime factors of 20263?
23, 881
What are the prime factors of 2332?
2, 11, 53
What are the prime factors of 1054?
2, 17, 31
List the prime factors of 34392.
2, 3, 1433
What are the prime factors of 3141?
3, 349
List the prime factors of 285.
3, 5, 19
What are the prime factors of 48367?
11, 4397
What are the prime factors of 78833?
31, 2543
What are the prime factors of 18810?
2, 3, 5, 11, 19
What are the prime factors of 559?
13, 43
List the prime factors of 105640.
2, 5, 19, 139
List the prime factors of 13676.
2, 13, 263
What are the prime factors of 67078?
2, 11, 3049
List the prime factors of 1732.
2, 433
List the prime factors of 1088.
2, 17
List the prime factors of 18476.
2, 31, 149
List the prime factors of 77850.
2, 3, 5, 173
List the prime factors of 35454.
2, 3, 19, 311
What are the prime factors of 143744?
2, 1123
List the prime factors of 48.
2, 3
What are the prime factors of 835?
5, 167
What are the prime factors of 26432?
2, 7, 59
List the prime factors of 4103.
11, 373
What are the prime factors of 1912?
2, 239
List the prime factors of 8400.
2, 3, 5, 7
List the prime factors of 927.
3, 103
What are the prime factors of 196?
2, 7
List the prime factors of 179047.
11, 41, 397
What are the prime factors of 3286?
2, 31, 53
List the prime factors of 976.
2, 61
List the prime factors of 24825.
3, 5, 331
What are the prime factors of 1203?
3, 401
List the prime factors of 5001.
3, 1667
What are the prime factors of 4037?
11, 367
What are the prime factors of 22174?
2, 11087
List the prime factors of 4139.
4139
What are the prime factors of 3731?
7, 13, 41
List the prime factors of 1204.
2, 7, 43
List the prime factors of 380.
2, 5, 19
List the prime factors of 1752.
2, 3, 73
What are the prime factors of 10396?
2, 23, 113
List the prime factors of 13589.
107, 127
List the prime factors of 94152.
2, 3, 3923
What are the prime factors of 50789?
50789
What are the prime factors of 134425?
5, 19, 283
What are the prime factors of 6289?
19, 331
List the prime factors of 1017.
3, 113
List the prime factors of 13454.
2, 7, 31
List the prime factors of 19339.
83, 233
List the prime factors of 114721.
89, 1289
List the prime factors of 1140.
2, 3, 5, 19
What are the prime factors of 2221?
2221
What are the prime factors of 935?
5, 11, 17
List the prime factors of 780.
2, 3, 5, 13
What are the prime factors of 488?
2, 61
What are the prime factors of 1136?
2, 71
List the prime factors of 23715.
3, 5, 17, 31
What are the prime factors of 949?
13, 73
What are the prime factors of 329?
7, 47
What are the prime factors of 26351?
13, 2027
What are the prime factors of 40279?
47, 857
What are the prime factors of 7656?
2, 3, 11, 29
What are the prime factors of 27890?
2, 5, 2789
What are the prime factors of 85566?
2, 3, 13, 1097
What are the prime factors of 292?
2, 73
List the prime factors of 9526.
2, 11, 433
List the prime factors of 10770.
2, 3, 5, 359
List the prime factors of 1686.
2, 3, 281
List the prime factors of 13932.
2, 3, 43
What are the prime factors of 1657?
1657
List the prime factors of 13459.
43, 313
List the prime factors of 971.
971
What are the prime factors of 915?
3, 5, 61
List the prime factors of 6432.
2, 3, 67
List the prime factors of 12946.
2, 6473
List the prime factors of 15185.
5, 3037
List the prime factors of 10647.
3, 7, 13
What are the prime factors of 7736?
2, 967
What are the prime factors of 1145?
5, 229
List the prime factors of 17576.
2, 13
List the prime factors of 5780.
2, 5, 17
List the prime factors of 2210.
2, 5, 13, 17
What are the prime factors of 2991?
3, 997
What are the prime factors of 8525?
5, 11, 31
List the prime factors of 18970.
2, 5, 7, 271
What are the prime factors of 130?
2, 5, 13
What are the prime factors of 42798?
2, 3, 7, 1019
List the prime factors of 91.
7, 13
What are the prime factors of 3123?
3, 347
List the prime factors of 96341.
7, 13763
What are the prime factors of 379?
379
List the prime factors of 7355.
5, 1471
What are the prime factors of 444?
2, 3, 37
What are the prime factors of 2857?
2857
What are the prime factors of 6065?
5, 1213
What are the prime factors of 13475?
5, 7, 11
What are the prime factors of 345?
3, 5, 23
What are the prime factors of 4035?
3, 5, 269
List the prime factors of 58381.
79, 739
List the prime factors of 1515.
3, 5, 101
What are the prime factors of 305?
5, 61
List the prime factors of 25307.
25307
List the prime factors of 11962.
2, 5981
List the prime factors of 3884.
2, 971
What are the prime factors of 7128?
2, 3, 11
What are the prime factors of 1492?
2, 373
List the prime factors of 3981.
3, 1327
List the prime factors of 4062.
2, 3, 677
List the prime factors of 4451.
4451
List the prime factors of 142612.
2, 101, 353
List the prime factors of 397.
397
List the prime factors of 986.
2, 17, 29
List the prime factors of 52455.
3, 5, 13, 269
What are the prime factors of 26206?
2, 13103
What are the prime factors of 877?
877
What are the prime factors of 2083?
2083
What are the prime factors of 1555?
5, 311
List the prime factors of 1799.
7, 257
What are the prime factors of 61066?
2, 19, 1607
List the prime factors of 65928.
2, 3, 41, 67
List the prime factors of 3720.
2, 3, 5, 31
What are the prime factors of 286?
2, 11, 13
What are the prime factors of 2350?
2, 5, 47
What are the prime factors of 1139?
17, 67
What are the prime factors of 3515?
5, 19, 37
List the prime factors of 8181.
3, 101
What are the prime factors of 5223?
3, 1741
What are the prime factors of 37186?
2, 18593
What are the prime factors of 1547?
7, 13, 17
What are the prime factors of 294?
2, 3, 7
List the prime factors of 195.
3, 5, 13
List the prime factors of 25023.
3, 19, 439
List the prime factors of 18.
2, 3
What are the prime factors of 264?
2, 3, 11
What are the prime factors of 1669?
1669
What are the prime factors of 45937?
71, 647
What are the prime factors of 145?
5, 29
List the prime factors of 350.
2, 5, 7
List the prime factors of 24466.
2, 13, 941
List the prime factors of 429.
3, 11, 13
List the prime factors of 32490.
2, 3, 5, 19
What are the prime factors of 992?
2, 31
What are the prime factors of 12358?
2, 37, 167
List the prime factors of 22702.
2, 11351
List the prime factors of 267.